{"id":24,"date":"2021-10-06T14:11:02","date_gmt":"2021-10-06T14:11:02","guid":{"rendered":"https:\/\/www.silven.fi\/?page_id=24"},"modified":"2022-11-10T21:17:37","modified_gmt":"2022-11-10T19:17:37","slug":"tietoja","status":"publish","type":"page","link":"https:\/\/www.silven.fi\/index.php\/tietoja\/","title":{"rendered":"&#8221;Kampuskaupunki 2040&#8221;"},"content":{"rendered":"\n<p>Oulun yliopiston hallitus on julkisuuteen tuotujen tietojen mukaan p\u00e4\u00e4tt\u00e4nyt pikavauhtia k\u00e4ynnist\u00e4\u00e4 kampusvisioty\u00f6n kokouksessa 24.2.2022 esityslistan ulkopuolelta tulleena asiana. P\u00f6yt\u00e4kirjaa ei viel\u00e4 15.3.2022 oltu julkistettu. er\u00e4iden muiden \u201dp\u00f6yt\u00e4kirjateknisten\u201d havaintojeni vuoksi odotan kiinnostuksella. [P\u00f6yt\u00e4kirja on lopulta allekirjoitettu 22.3.2022]<\/p>\n\n\n\n<p>Omalta osaltani toistan hallitukselle syksyn 2021 muistutukseni vuonna 2013 valmistuneesta kampusvisiosta ja Linnanmaa-Kaijonharju -kaavarungosta, johon kampusvisio olennaisesti vaikutti. <\/p>\n\n\n\n<p class=\"has-small-font-size\">K<a href=\"https:\/\/issuu.com\/oulunyliopisto\/docs\/kampusvisio_2040\">ampusvisio 2040<\/a> 31.5.2013 Oulun yliopistokampusten kehitt\u00e4minen<\/p>\n\n\n\n<p class=\"has-small-font-size\" style=\"line-height:1\"><a href=\"https:\/\/www.ouka.fi\/documents\/64220\/1932998\/564-2360_kaavarunkoraportti_P%C3%84IVITETTY_19-10-10_Optimized.pdf\/5d554039-b34b-47d0-801d-26913e0079f9\">Linnanmaa-Kaijonharjun kaavarunko<\/a>  11.6.2019 kaupungin suunnitelma<\/p>\n\n\n\n<p>Kumpikaan suunnitelma ei ole vanhentunut. Tuloksena olisi &#8221;Kampuskaupunki 2040&#8221;<\/p>\n","protected":false},"excerpt":{"rendered":"<p>Oulun yliopiston hallitus on julkisuuteen tuotujen tietojen mukaan p\u00e4\u00e4tt\u00e4nyt pikavauhtia k\u00e4ynnist\u00e4\u00e4 kampusvisioty\u00f6n kokouksessa 24.2.2022 esityslistan ulkopuolelta tulleena asiana. P\u00f6yt\u00e4kirjaa ei viel\u00e4 15.3.2022 oltu julkistettu. er\u00e4iden muiden \u201dp\u00f6yt\u00e4kirjateknisten\u201d havaintojeni vuoksi odotan kiinnostuksella. [P\u00f6yt\u00e4kirja on lopulta allekirjoitettu 22.3.2022] Omalta osaltani toistan hallitukselle syksyn 2021 muistutukseni vuonna 2013 valmistuneesta kampusvisiosta ja Linnanmaa-Kaijonharju -kaavarungosta, johon kampusvisio olennaisesti vaikutti. Kampusvisio&hellip; <a class=\"more-link\" href=\"https:\/\/www.silven.fi\/index.php\/tietoja\/\">Jatka lukemista <span class=\"screen-reader-text\">&#8221;Kampuskaupunki 2040&#8221;<\/span><\/a><\/p>\n","protected":false},"author":1,"featured_media":0,"parent":0,"menu_order":0,"comment_status":"closed","ping_status":"closed","template":"","meta":{"footnotes":""},"class_list":["post-24","page","type-page","status-publish","hentry","entry"],"_links":{"self":[{"href":"https:\/\/www.silven.fi\/index.php\/wp-json\/wp\/v2\/pages\/24","targetHints":{"allow":["GET"]}}],"collection":[{"href":"https:\/\/www.silven.fi\/index.php\/wp-json\/wp\/v2\/pages"}],"about":[{"href":"https:\/\/www.silven.fi\/index.php\/wp-json\/wp\/v2\/types\/page"}],"author":[{"embeddable":true,"href":"https:\/\/www.silven.fi\/index.php\/wp-json\/wp\/v2\/users\/1"}],"replies":[{"embeddable":true,"href":"https:\/\/www.silven.fi\/index.php\/wp-json\/wp\/v2\/comments?post=24"}],"version-history":[{"count":12,"href":"https:\/\/www.silven.fi\/index.php\/wp-json\/wp\/v2\/pages\/24\/revisions"}],"predecessor-version":[{"id":3473,"href":"https:\/\/www.silven.fi\/index.php\/wp-json\/wp\/v2\/pages\/24\/revisions\/3473"}],"wp:attachment":[{"href":"https:\/\/www.silven.fi\/index.php\/wp-json\/wp\/v2\/media?parent=24"}],"curies":[{"name":"wp","href":"https:\/\/api.w.org\/{rel}","templated":true}]}}